= 2745 - 130. List the prime factors of x.
5, 523
Let k(a) be the third derivative of 3*a**5/20 - a**4 + 43*a**3/2 + 2*a**2 - 59. List the prime factors of k(6).
3, 103
Suppose 6*u + 1077 = 12969. Suppose 6*h - u - 388 = 0. What are the prime factors of h?
5, 79
Let x(o) = 0*o**2 + 2*o**2 - 5 - o**2 - 1 - 4*o + o**3. Let g be x(-3). What are the prime factors of (g/(-10))/((-3)/(-1240)*4)?
2, 31
Let b = -138 - -346. Suppose -5*s = 27*t - 24*t - 41, 0 = -5*t - 5*s + 45. Suppose c + t*r + 2*r - 104 = 0, -4*r = -2*c + b. What are the prime factors of c?
2, 13
Suppose 30*x - 33*x = -5304. Suppose -5*i + 12 + 4373 = -2*p, 2*i + 2*p = x. List the prime factors of i.
3, 293
Suppose -148036 + 15693 = -89*q. List the prime factors of q.
1487
Suppose l - 36*k + 2 = -33*k, -26 = -5*l - 3*k. Suppose -2*f - 404 = -l*f. List the prime factors of f.
2, 101
Let o(s) = -2806*s + 7470. List the prime factors of o(-22).
2, 7, 4943
Let r(v) = 7*v - 111. Suppose 11*k - 405 = -4*k. List the prime factors of r(k).
2, 3, 13
Suppose -4*p - 140 = x, -5*p + 5*x + 0*x = 200. Let k = -38 - p. What are the prime factors of (-4)/(-8)*k*-30?
2, 3, 5
What are the prime factors of (208/24 + -7)/((-65)/(-699738))?
2, 8971
Let h be ((-408)/(-16))/(4/(-8)). Let k = 1005 - h. List the prime factors of k.
2, 3, 11
Let k be 8/14 + 3/(-21)*-52. Suppose 4489 = k*r - 1247. What are the prime factors of r?
3, 239
What are the prime factors of (-18034)/(-213) - (-1)/3?
5, 17
Suppose 14*s + 2549 + 3121 = 0. Let j = 469 - s. List the prime factors of j.
2, 19, 23
Suppose 0*u - 70 = -2*u. Let g = -225 - -193. Let r = u + g. What are the prime factors of r?
3
Let b = -3967 - -5157. List the prime factors of b.
2, 5, 7, 17
Let a(s) = -45*s**3 - s**2 + 66*s + 302. What are the prime factors of a(-7)?
2, 23, 331
Let f(w) = w**3 + 29*w**2 - 31*w + 6. Suppose 404 = 19*l - 15*l. Suppose 3*s = -l + 11. What are the prime factors of f(s)?
2, 3
Let t be (-862)/(-22) - (-20)/(-110). Suppose 203 = t*x - 40*x. Let c = x + 412. List the prime factors of c.
11, 19
Suppose 10 = 4*q - 2, 0 = -a - 3*q + 243. Let m = 235 + a. List the prime factors of m.
7, 67
Let s(k) = -2*k - 24. Let f be s(-12). Suppose -5*w + 0*w + 1895 = f. What are the prime factors of w?
379
Let g(k) = k**2 - 9*k - 16. Let m be g(11). Let t(r) = r**3 - 7*r**2 - r - 12. Let z be t(m). Let u = z - -137. What are the prime factors of u?
83
Let t(k) = -7*k + 3. Let p be t(1). Let z be (p - -2)/2*-5. Suppose 232 = c - z*d + 22, d + 402 = 2*c. List the prime factors of c.
2, 5
Let p(q) = 66*q**2 - 50*q - 349. Let l be p(-7). Suppose 4*d - 696 + 49 = -i, -5*i - 3*d = -l. What are the prime factors of i?
647
Let x(r) be the second derivative of -r**3/6 + 8*r**2 - 15*r. Let w be x(14). List the prime factors of ((-1608)/(-21))/w - 2/7.
2, 19
Let p be (-25)/((-84)/78 + 1). Suppose -5*k = -3*m + 975, 13*m - 2*k + p = 14*m. What are the prime factors of m?
5, 13
Suppose 32 = 6*s + 2. Suppose 4*k - 53 = -s*m - 22, -2*m = -4*k + 10. Suppose -2*d = -c - 7*d + 50, 5*c - 250 = -m*d. List the prime factors of c.
2, 5
Suppose -4*a = -2*x + 2722, -3*x + x = 3*a - 2743. Let m = -22 + x. List the prime factors of m.
5, 269
Let y be (4 - 1) + 1022/14. Let p = y + -78. List the prime factors of (4 - 3)*(-370)/p.
5, 37
Suppose -2*r + 0*r - 5*n - 27 = 0, 0 = -5*r + 4*n - 18. List the prime factors of 64 - (-1)/((-3)/r).
2, 3, 11
Suppose -77*m = -74*m + 3858. Let z = 2099 + m. What are the prime factors of z?
3, 271
Let w(n) = -n**3 + 55*n**2 - 76*n + 118. List the prime factors of w(51).
2, 3323
Let x(w) = 11*w**3 - 2*w**2 + 5*w - 4. Let c be x(1). Suppose 2*d - 4*s - 1482 = 0, 11*d = c*d + 3*s + 742. List the prime factors of d.
739
Let g be (-18)/((-11)/110*(-2)/1). Let a = g - -200. List the prime factors of a.
2, 5, 11
Let m be 0 + -7 - (-14 + -673). Let n = m - 48. What are the prime factors of n?
2, 79
Let a(m) = 10025*m**2 + 116*m - 235. List the prime factors of a(2).
101, 397
What are the prime factors of 4*1*(-27 - 23218/(-52))?
2, 839
List the prime factors of (-140)/(-112) + (-18747)/(-4).
2, 293
Let t be (-2)/(-3 + 5) - -6. Suppose t = -3*l - 2*d, l + d = 3*d - 7. What are the prime factors of (-4)/(-8) + l + (-171)/(-2)?
83
Let g(j) = 38*j + 17. Let p(v) = 77*v + 34. Let r(n) = 11*g(n) - 6*p(n). Let a(o) = 29*o + 11. Let l(h) = -7*a(h) - 5*r(h). What are the prime factors of l(6)?
2, 5, 11
Let v(h) = -h**3 + 15*h**2 - 6*h + 13. Let t be v(10). What are the prime factors of (1 - 4) + (t - (-3)/(-3))?
449
Let x(o) = 625*o**2 + 99*o + 21. What are the prime factors of x(-10)?
37, 1663
Let h(s) = 42*s**2 + 7*s + 9. Let c be h(4). Let w = c + -498. List the prime factors of w.
211
Suppose -45 + 43 = -v. Let p be (-8 - -5 - (-190)/4)*v. What are the prime factors of (p - -3) + (0/4 - 2)?
2, 3, 5
Let i(b) = -2*b**2 + 28*b - 30. Let m be i(12). Let g be 6/(-27) - (-94)/m. Suppose 6*d - g*d - 118 = 0. What are the prime factors of d?
2, 59
Let v(l) be the third derivative of l**5/30 + 13*l**4/24 - 11*l**3/3 + l**2 - 10. What are the prime factors of v(15)?
7, 89
Let f be 0 + -4 + -2124 - (-1 + -1). Let r = -1148 - f. List the prime factors of r.
2, 3, 163
Let p = -350 - -337. Let l = p + 796. What are the prime factors of l?
3, 29
Let d be ((-20)/(-3))/(-1)*3861/(-78). Let r = d + -214. List the prime factors of r.
2, 29
Let j(a) = -11*a**2 - a + 6*a**2 + 6*a**2 - 9 + 5*a**3 - 4*a**3. Let y be j(0). What are the prime factors of (1 + y)/(8/(-252) - 0)?
2, 3, 7
Suppose w = 4*z + 4*w - 3886, 0 = -2*z + 4*w + 1954. Let b = z + -690. Let g = -185 + b. List the prime factors of g.
2, 7
Let g(k) = 22*k + 110. Suppose w - 16 = -2*f, -8*f - 15 = -3*w - 3*f. What are the prime factors of g(w)?
2, 3, 5, 11
Let t be -2064*(-4)/(-42) - (-12)/21. List the prime factors of 105/(-20)*t + (0 - 0).
3, 7
Let f be (7 + 57/(-12))/(1/288). Let n be 3*(-8)/(-6) + f/3. Let q = 31 + n. List the prime factors of q.
251
Let a(c) = c**2 + 17*c + 92. Let f be a(-10). List the prime factors of ((-286)/f)/(-1*(-2)/(-24)).
2, 3, 13
Let i(n) = n**3 + 31*n**2 + 5*n + 128. Let r be i(-31). What are the prime factors of (-6)/(-2) - (-157 + r)?
11, 17
Let i = 149 - 133. List the prime factors of (i/2)/((-4)/(-120)).
2, 3, 5
Let t(g) = 24*g - 2. Let d be t(4). Let n(h) = d*h**2 + 192*h - 190*h - 12*h**2 + 40*h**2 + 1. List the prime factors of n(1).
5
Suppose -7*o - 28820 = -12*o + 5*l, 3*o + l = 17296. List the prime factors of o.
5, 1153
Let k(i) = -2*i**3 + 126*i**2 - 98*i - 158. What are the prime factors of k(55)?
2, 3, 3571
Let c = 3224 - 4713. Let l = 2642 + c. List the prime factors of l.
1153
Suppose -z - 1225 = -8*z. What are the prime factors of z + 3 - -3 - 0?
181
Suppose 5*r + 2 = 4*s - 5*s, 4*r = s + 2. Let q(u) = -51*u**3 - 6*u**2 - 7*u + 3. What are the prime factors of q(s)?
401
Suppose 34*t - 44*t + 190 = 0. Suppose t - 127 = -3*n. List the prime factors of n.
2, 3
Let b be 2*(111/21 + (-2)/7). Suppose b + 5 = 3*u. Suppose -4*m - u*f + 276 = -f, 0 = 4*m + 2*f - 270. What are the prime factors of m?
2, 3, 11
Suppose 2*d + f = 2443, -1098 = -3*d + 2*f + 2577. Let b = d - 831. What are the prime factors of b?
2, 7
Suppose -p = -a + 34729, 3*a - 2*p - 104179 = -0*p. What are the prime factors of a?
34721
Let r = -16396 - -43370. List the prime factors of r.
2, 13487
Let n(d) = -6*d + 30. Suppose z = -5*g - 5 + 4, -5*z - 5 = 0. Suppose g*x + 3*s = -2*x - 9, -5*x - 4*s = 26. List the prime factors of n(x).
2, 3, 11
Let s be (-10)/(-15) + 4/(-6). Suppose s = c - 5*c + 1148. List the prime factors of c.
7, 41
Let s(i) = -1222*i - 1274. What are the prime factors of s(-7)?
2, 5, 7, 13
Let m = -8083 - -12001. What are the prime factors of m?
2, 3, 653
Suppose 4 = k - 1. Suppose 0 = 5*q - 3*g + 2 - 4, -2*q + k*g = 3. List the prime factors of 37 - (0 - q - -1).
37
Let p be ((-1)/2 + -1)*(-40)/15. Suppose -n - 4*n = c + 17, -p*n = 5*c + 1. Suppose -59 = -c*z - 17. List the prime factors of z.
2, 7
List the prime factors of 50616 + 39 - (5 - (-8 - -3)).
5, 7, 1447
Let w be 9/((-108)/15) + (-2135)/4. Let l = w - -1719. What are the prime factors of l?
2, 37
List the prime factors of ((-5290)/46)/((-10)/314).
23, 157
Let d = 32234 - 17228. What are the prime factors of d?
2, 3, 41, 61